7
Let p = -419 - -482. Suppose 1827 = p*z - 7560. List the prime factors of z.
149
Suppose 12291 + 17952 = 7*u + 7024. List the prime factors of u.
31, 107
Let z(s) be the second derivative of -s**3/6 + 391*s**2/2 - 4*s. What are the prime factors of z(0)?
17, 23
Let j = 42 - 42. Suppose 6*s - 2 - 4 = j. Suppose -s = y - 77. List the prime factors of y.
2, 19
Let h = 513 - 507. Suppose -2487 = h*c - 7761. List the prime factors of c.
3, 293
Suppose 596*s - 273802 = 573*s - 21952. List the prime factors of s.
2, 3, 5, 73
Suppose -26*j + 28*j = m + 43712, -21858 = -j + m. What are the prime factors of j?
2, 7, 223
Suppose -23*n = -2*d - 18*n - 11, 4*n + 8 = -4*d. What are the prime factors of -2 - d*(-12070)/(-30)?
5, 241
Let r = -47195 + 78213. What are the prime factors of r?
2, 13, 1193
Suppose -2*o - 4*m + 1456 = 0, 0 = 2*o - 3*o - 5*m + 740. Let q = 1274 - o. What are the prime factors of q?
2, 277
Let i = 29103 - 14337. What are the prime factors of i?
2, 3, 23, 107
Suppose -i + 3299 + 165 = -889. What are the prime factors of i?
3, 1451
Let j be (12 - 0/(-4 - -1))/1. Suppose -14*a - 274 = -j*a. Let i = -77 - a. List the prime factors of i.
2, 3, 5
Suppose 4160 + 257 = 7*i. Suppose i = 9*g - 17. Suppose 2*z + g = 4*z. List the prime factors of z.
2, 3
Let m(n) = -43*n + 13. Let r be m(-7). Suppose 5*j + 39 = r. Let i = 80 + j. What are the prime factors of i?
3, 5
Let g be 1*(-1 + -1)*-1 - 7. Let s(t) = -98*t**2 + 3*t - 8. Let w(o) = -98*o**2 + 4*o - 10. Let f(k) = g*s(k) + 4*w(k). What are the prime factors of f(-1)?
97
Let n be (570/38)/((-1)/(-218)). Suppose 0 = -3*a, -4*o - 2*a + n + 58 = 0. What are the prime factors of o?
2, 13
Suppose -5*a = -9*a - 3928. Let h = -659 - a. List the prime factors of h.
17, 19
Let z(i) = -22*i**2 - 24*i**2 + 49*i**2 - 43*i + 16. List the prime factors of z(29).
2, 17, 19
Let j(z) = -3*z**3 - 11*z**2 - 45*z - 848. List the prime factors of j(-17).
23, 499
Suppose 524*p + 254763 = 533*p. List the prime factors of p.
28307
Let k be -1 - (-2 - -1)*7. Let s(p) be the first derivative of 13*p**2/2 + 12*p + 61. List the prime factors of s(k).
2, 3, 5
Let n(j) = -1941*j**3 - 28*j**2 - 88*j + 22. List the prime factors of n(-3).
229
Let c(h) = 11*h - h**2 - 23 + 26 - 20. Let q be c(9). List the prime factors of 63*3 - (-5)/q.
2, 97
Suppose -34*s + 9 = -37*s. List the prime factors of 4 - (2/s)/(4/2406).
3, 5
Suppose -64 = -10*v + 1826. Suppose 4*n = 0, 2*a + 4*n - 119 - v = 0. What are the prime factors of a?
2, 7, 11
Let h(q) = 130*q**2 + 287*q + 40. List the prime factors of h(-12).
2, 7, 547
Suppose -215 = -3*p + p + y, -3*p = 5*y - 290. Suppose -2*b - p = j, 3*b = -5*j - 203 - 343. Let c = j - -157. What are the prime factors of c?
2, 23
Suppose 963499 = 38*o - 1106741. List the prime factors of o.
2, 3, 5, 227
List the prime factors of ((-5166)/(-105))/(4 + (-12702)/3180).
2, 41, 53
Let f be (2/3)/(1/(-15)). Let j = 16 - 18. List the prime factors of 3*f/15 - 284/j.
2, 5, 7
What are the prime factors of 5/(30/(-8026))*-6*8/16?
4013
Let w(p) = 27*p**2 - 3*p + 32. Let o be (6/(-8))/(3 + (-46)/16). List the prime factors of w(o).
2, 7, 73
Suppose 11 = -u - 0*u - 5*x, -5*u - 5*x = 35. Let v(c) = -21*c**2 - c. Let w be v(-2). List the prime factors of w/(-1)*(-1)/6*u.
2, 41
Suppose v = -4 + 7. Suppose -4*o + v*o = -20. Suppose -2*s - o = -6*s. List the prime factors of s.
5
Let o be (67*3/(-3))/(7/(-14)). Suppose 4*s + z - 5*z - 180 = 0, 3*s - o = 4*z. List the prime factors of s.
2, 23
Suppose -269*b - 203140 = -289*b. List the prime factors of b.
7, 1451
Suppose v = -14*j + 281705, -3*v = -8 + 17. What are the prime factors of j?
2, 10061
Let p be 22*(-2 - 5 - 3). Let u = -75 - p. Let y = u - 78. What are the prime factors of y?
67
Let x be (2 + -2)*1 + 0. What are the prime factors of (-18)/(-6) - -1193 - (x - 2)?
2, 599
What are the prime factors of 5588 - (-8)/((-8)/9)?
7, 797
Let z(r) = 10*r**2 + 4 - 36*r + 38*r + 11. Let v be z(-5). Suppose k = -4*k + v. What are the prime factors of k?
3, 17
Let x(u) = -u**3 + 33*u**2 - 161*u - 29. Let g be x(27). Let f = 4 - 0. List the prime factors of 129 - (g + 3) - f/(-1).
2, 3, 11
List the prime factors of (1/5)/(231/57607935).
49877
Suppose -15907 = -4*g + 3*u, 3*g - 3*u - 1819 = 10109. List the prime factors of g.
23, 173
Let m be (-65 - -23)/(0/3 - 2). Suppose 26*b - 810 = m*b. What are the prime factors of b?
2, 3
Let c(j) = -2*j**2 - 11*j + 21. Let y be c(-7). Suppose y = b + 4, 2*n + 2632 = 5*n - 4*b. List the prime factors of n.
2, 109
Let c = 487 + -484. Suppose -5*v - 4*s = -c - 1286, -v - 5*s + 241 = 0. What are the prime factors of v?
3, 29
Let h(p) = -4 - p + 47*p**3 + 8*p**2 - 92*p**3 + 46*p**3. Let q be h(-8). What are the prime factors of -4 - (1 - 232/q)?
53
Suppose s - 17 = -4*x + 404, 0 = 4*s + 5*x - 1629. Let n = s - 234. Let o = -65 + n. List the prime factors of o.
2, 3, 17
Suppose -7*h + 8*h = 4. Suppose -1118 = 4*f - 7*f - h*a, 5*f = -a + 1886. List the prime factors of f.
2, 3, 7
Suppose -3*y + 12 = -60. Suppose -12*n + 6*n = -y. What are the prime factors of 4 - ((-852)/n)/3?
3, 5
Let a be (3/9)/((-5)/(-60)). Suppose s = 5*s - a*z - 28, -4*s = -z - 16. Suppose -s*w - b + 81 = 0, -4*b - 96 + 30 = -3*w. What are the prime factors of w?
2, 13
Suppose 41*h + 36112 - 495056 = -30*h. List the prime factors of h.
2, 101
List the prime factors of -3*15/5 + 77465/5.
2, 7, 79
Let t = 118 + -113. Suppose t*n - 64 = f + 266, -4*f + 305 = 5*n. List the prime factors of n.
5, 13
Let w(v) = -3*v - 10. Let h be w(-10). Suppose 0 = t - 5*t - h. What are the prime factors of t/(-20)*-37*-4?
37
Let l(h) = 6*h - 25. Let k be l(5). Let i = k + 3. Suppose 5*p - i*p + 231 = 0. What are the prime factors of p?
7, 11
Let k = -7482 + 11100. List the prime factors of k.
2, 3, 67
Suppose 6*q - 30944 = 12790. List the prime factors of q.
37, 197
Suppose 0 = 3*r + 4*n - 11, -n + 5 = -0*n. Let t be -2 + 228 + r + (3 - 2). Suppose 2*x + t = 2*q, x + 217 + 11 = 2*q. List the prime factors of q.
2, 29
Let j = -451 + 453. Suppose 2546 = j*d - f, 5*d - 5621 = -5*f + 759. List the prime factors of d.
2, 7, 13
Suppose 5*i + 7 = -33. What are the prime factors of 402 + i + 5 + -6?
3, 131
Suppose -2*u - 7*s + 2*s = 598, 5*s + 1186 = -4*u. Let j = 437 + u. Suppose 307 + j = 5*b. What are the prime factors of b?
2, 3, 5
Let t = 47957 - 2223. What are the prime factors of t?
2, 13, 1759
Let i(o) = 7*o. Let b be i(2). Let k(m) be the second derivative of m**3/2 - 3*m**2/2 + 279*m. What are the prime factors of k(b)?
3, 13
Suppose 0 = 4*y + 20, -21*g + 22*g - 2*y = 13. Suppose -2*r - 3*r - 20 = 0, g*r - 506 = -2*t. What are the prime factors of t?
7, 37
Let j(c) = 13*c**3 - 2*c**2 + 8. Let z(w) = w**3 + 2*w**2 - w. Let d(b) = j(b) - 5*z(b). What are the prime factors of d(6)?
2, 23, 29
Let z(f) = -4*f**3 + 3*f**2 + 14. Let m(y) = 5*y**3 - 2*y**2 - 13. Let t = -53 - -57. Let q(r) = t*z(r) + 3*m(r). List the prime factors of q(6).
17
List the prime factors of 38028/(-28)*-7 - -16.
89, 107
Let v be (-6)/2 - -1 - 1*-7. Suppose -2*r + v*r - 4*h = 1063, -4*r = -h - 1439. List the prime factors of r.
19
Suppose -47 = 4*t + 13. What are the prime factors of (8/(-6))/((-103)/t - 7)?
2, 5
Suppose -5*a + 60 = 5*w + 15, 4*a + 2*w - 26 = 0. Suppose -4*v + 2510 = 2*i, 82 - 5077 = -4*i - 3*v. Suppose b + a*b = i. What are the prime factors of b?
3, 83
Suppose 687*h = 659*h + 234052. List the prime factors of h.
13, 643
Let i be 1 - 4/2 - -1195. Suppose -7*v + 8474 - i = 0. What are the prime factors of v?
2, 5, 13
Let q(o) = o**3 - 7*o**2 - 8*o + 3. Let w be q(8). Suppose w*r + 1668 = -l + 5*l, -824 = -2*l + 4*r. Suppose 18*j - l = 13*j. What are the prime factors of j?
2, 3, 7
Let f = 212092 - 123293. List the prime factors of f.
88799
Let h be ((-16)/(-5))/((-8)/40). Let c(n) = -n**3 + 8*n**2 - 12*n + 6. Let f be c(5). Let l = f + h. List the prime factors of l.
5
Let g = 252 - 177. Suppose -6*c + 8*c + 5*s = 152, c - g = -3*s. List the prime factors of c.
3
Suppose -304 = -m + 2*v + 2047, 11779 = 5*m - 4*v. What are the prime factors of m?
7, 337
Suppose -658606 = 60*p - 1975126. List the prime factors of p.
2, 3, 23, 53
Let g = 5780 - -3536. List the prime factors of g.
2, 17, 137
Suppose 